?
9
Suppose -5*u + 10 + 10 = 0. Suppose 88 = u*i + a + 25, -42 = -2*i - 4*a. What is the highest common factor of 120 and i?
15
Suppose -i = 4*t, 0*i - 4*i = t - 45. What is the greatest common divisor of i and 6?
6
Suppose 8 = 6*g - 2*g. Suppose -g*q = 5*u - 48, -2*q + 38 = -u + 5*u. Suppose 150 = h + 4*h. What is the highest common divisor of h and u?
10
Let b be 4/(-18) + (2 - 548/(-36)). What is the greatest common divisor of 17 and b?
17
Suppose 5*p + 0*p = 30. What is the greatest common divisor of p and 9?
3
Let s(g) = g**2 - 6*g - 5. Let q be s(8). Calculate the greatest common factor of q and 11.
11
Let x = -20 + 31. What is the highest common factor of 44 and x?
11
Let t(b) = 7*b**3 - 2*b**2 - 3*b + 2. Let a be t(2). Calculate the highest common divisor of 22 and a.
22
Suppose 0 = -4*i + 25 + 23. Let x be 2 - (-1 - i/(-2)). Let v(g) = g**3 + 5*g**2 + 2*g + 1. Let l be v(x). Calculate the highest common factor of l and 13.
13
Suppose -15 = -7*j + 4*j - 3*i, -3*j - 5*i + 23 = 0. Let y be (j/(-2))/((-3)/432). Calculate the highest common divisor of 8 and y.
8
Let m be (924/63)/((-2)/(-21)). Calculate the greatest common divisor of 14 and m.
14
Suppose 5*p - 5 = -0. What is the highest common divisor of 2 and p?
1
Let a = 8 - -1. Let n = -5 + a. Calculate the highest common factor of n and 12.
4
Suppose -3*c + 65 = 2*c. Let u = -5 + 7. Let w be u/4 + 155/2. What is the highest common divisor of c and w?
13
Let v(u) = -u**3 + u + 22. Let c be v(0). Let s be (-1)/(((-12)/(-616)*1)/(-3)). What is the highest common factor of s and c?
22
Let c be 18/7*(-28)/(-3). Let h = c - -20. What is the highest common divisor of 11 and h?
11
Suppose -2*g = -3*r + 4*r - 60, 5*r = -g + 327. Calculate the highest common divisor of r and 44.
22
Let d = 12 + -10. Calculate the highest common factor of d and 2.
2
Let i = -27 - -40. What is the greatest common divisor of 13 and i?
13
Let z = 75 - 215. Let v = -92 - z. Calculate the highest common factor of v and 6.
6
Suppose -a + d = 6, 7*a - 4*a = 5*d - 10. Suppose -5*v + 4*y = -54, 3*y = 2*v - 11 - 5. Let q = a + v. What is the greatest common factor of q and 20?
4
Suppose -3*o - 4*q - 5 = 13, 3*q - 18 = 3*o. Let g be 2/(-3) + (-394)/o. What is the highest common factor of 13 and g?
13
Suppose -3*m - 3*a + 84 = 0, 4*m - 3*a - 200 = -74. What is the highest common factor of m and 15?
15
Let t be (57/2)/(6/8). Suppose -4*a + 1 + t = i, 5*a - 5*i - 55 = 0. Calculate the highest common factor of a and 70.
10
Let l be (-1)/2 - (-353)/2. Suppose -16*n - 144 = -18*n. Suppose 5*q + 20 = 0, 4*q = -4*r - 0*q + n. What is the greatest common divisor of r and l?
22
Let p be 2/3*3/(-1). Let i = p - -10. Calculate the greatest common factor of i and 64.
8
Let h be (-34)/(-5) + 1/5. What is the greatest common divisor of h and 35?
7
Suppose 4*v - 6*v = 0. Suppose -z - 3*z + 140 = v. What is the highest common factor of 14 and z?
7
Let u be (6/5)/((-3)/(-10)). Let w be 6/u*(-2)/3. Let p be (w + 0)/((-1)/3). Calculate the highest common factor of 12 and p.
3
Let o = 18 + 28. Suppose s = 3*s + t - o, -16 = -s + 3*t. What is the highest common factor of 44 and s?
22
Suppose 0*l - 4*l = 0, 3*r + l = 18. What is the highest common factor of 18 and r?
6
Let x be 262/6 + 4/(-6). Suppose 4*r = 141 + x. Let y = -28 + r. Calculate the highest common divisor of y and 6.
6
Let g(n) = -5*n - 4. Let c = 5 + -8. Let d be g(c). Suppose 0 = l - 35 - 42. What is the greatest common divisor of d and l?
11
Let j(x) = -x**2 + 10*x + 1. Let f be j(10). Suppose 4*y = -6 + 14. Suppose -4*a = -4*m + 4, 4*a = 3*m + y*a - 3. What is the highest common divisor of f and m?
1
Let n = -12 - -25. Let h(m) = 2*m - 16. Let y be h(n). Suppose -j + 3 = 4*z - 19, -2*z + 12 = j. Calculate the greatest common factor of j and y.
2
Let c = -5 + 6. Let q be c*-2*1 - -2. Suppose -g + 3*n + 19 = q, -n - 4*n + 75 = 5*g. Calculate the greatest common factor of 48 and g.
16
Let f be (-1)/((-2)/(-24)*-1). Suppose 45 + 3 = -4*j + h, 2*h + 24 = -2*j. Let m be (j/(-5))/(3/75). What is the highest common factor of f and m?
12
Let j = 53 + -95. Let a = 62 + j. Calculate the highest common divisor of 8 and a.
4
Let n(q) = 97*q + 1. Let b be n(1). Calculate the greatest common divisor of 7 and b.
7
Let l(a) = 6*a. Let s be l(4). What is the greatest common divisor of s and 12?
12
Let i(h) be the third derivative of 0*h - 2/3*h**3 - 4*h**2 - 3/8*h**4 + 0. Let m be i(-4). What is the greatest common factor of 16 and m?
16
Let r(l) = -35*l + 7. Let d be r(5). Let w be (8/12)/((-1)/d). Let z be (7/(-14))/((-1)/w). What is the highest common divisor of 7 and z?
7
Let w = -84 - -128. Calculate the greatest common divisor of w and 4.
4
Suppose 0 = 8*v - 1513 + 369. What is the highest common divisor of 13 and v?
13
Let p(f) = f**3 - 6*f**2 + 4*f + 14. Let w be p(6). What is the greatest common divisor of w and 19?
19
Let k = 30 + -11. Suppose a = -3*n + k, 0 = 5*a - 4*n - 43 + 5. Let i = 48 - 28. What is the highest common factor of i and a?
10
Let a(z) = 2*z + 21. Let v be a(15). Let u = 18 - 1. What is the greatest common factor of u and v?
17
Suppose -23*p = -25*p + 8. Calculate the greatest common divisor of p and 44.
4
Suppose 0 = -0*n + 4*n. Suppose n*w - w = -20. What is the greatest common factor of w and 5?
5
Suppose 3*s = 9 + 6. Suppose 0 = 5*p + 2*n - 52, -p = 2*p - s*n - 25. What is the greatest common factor of p and 4?
2
Let z(l) = -5*l**3 - 4*l**2 - 3*l - 1. Let k be z(-2). Calculate the highest common factor of 261 and k.
29
Let z = 456 + -267. Calculate the highest common divisor of z and 27.
27
Let h(m) = -m - 4*m + 5*m + m. Let q be -2 - 5/((-10)/8). Let b be h(q). Calculate the highest common divisor of 4 and b.
2
Suppose 5*z = 2*z. Suppose 4*v = -5*n + 329, z = -2*n + n + 2*v + 63. Let f be (-2)/5*(-65)/1. Calculate the highest common factor of f and n.
13
Suppose -d + 54 = 34. Suppose 4*w = -k + 564, -416 = -6*w + 3*w + k. Calculate the greatest common divisor of d and w.
20
Suppose -444 = p - 4*p. What is the highest common divisor of p and 37?
37
Let y(c) = -5 + 0*c**2 + 3*c**2 + 2*c**2 - 2*c - 3*c**2. Let t be y(4). What is the highest common factor of 57 and t?
19
Let x(l) = l**3 - 2*l**2 - 7*l + 8. Let y be x(4). What is the greatest common divisor of y and 3?
3
Suppose 2*u + 8 = -3*z, 3*u - 3*z = u + 16. Suppose 2*d - 80 = -u*d. What is the greatest common divisor of 40 and d?
20
Let b = 6 + -8. Let c be (-4)/(b/(-1)) + 1. Let r be -25*(c + (-2 - -2)). What is the highest common divisor of 10 and r?
5
Let u = -13 + 24. Let p = 109 + -32. What is the greatest common divisor of p and u?
11
Suppose -222 = -q - q - 3*s, 3*s = 5*q - 534. What is the highest common divisor of 18 and q?
18
Let t be (44/(-12))/((-1)/6). Suppose -t - 2 = -4*w. Let p(f) = -f**2 + 7*f - 1. Let y be p(w). What is the highest common factor of y and 2?
1
Let p = -19 + 14. Let c(k) = 3*k**2 + 4*k. Let f be c(p). Let h = 28 - 6. What is the highest common factor of f and h?
11
Suppose c + 5 = -4*c, z = -5*c. Suppose 15 - z = y. Let a(g) = g**2 + 5*g - 4. Let k be a(-7). Calculate the highest common divisor of y and k.
10
Let z(t) = 33*t - 2. Let b be z(4). Suppose 5*d + 32 = j, -224 = -0*j - 4*j - 4*d. What is the greatest common factor of j and b?
26
Let x(d) = -d**3 - 21*d**2 - 25*d - 30. Let w be x(-20). What is the greatest common factor of 7 and w?
7
Let q(l) = l + 7. Let k be q(4). Suppose 4*h + 54 + 42 = 4*r, 0 = -2*h - 4. Calculate the highest common factor of k and r.
11
Let k(r) be the third derivative of -r**4/6 - r**3/6 + r**2. Let u be k(-5). Calculate the greatest common divisor of u and 171.
19
Suppose -3*y + 3*s + 182 = -85, 0 = -3*s - 3. Suppose 2*a - 2 = 20. Calculate the highest common divisor of y and a.
11
Let h(q) = -2*q**3 - 6*q**2 - 5*q - 5. Let j be h(-5). What is the highest common divisor of j and 24?
24
Let t = -33 - -57. What is the greatest common factor of 12 and t?
12
Let o(p) = p**2 - 7*p - 3. Let v be o(8). Let i = 13 + v. What is the highest common divisor of 27 and i?
9
Suppose -1 = 2*k - 11. Suppose 10 = l + 2*c, 3*c + k = 2*c. What is the greatest common factor of 5 and l?
5
Let s(v) = 4*v**2 + 12*v - 16. Let k be s(-6). Calculate the highest comm